is divided by 2920.
35
Calculate the remainder when 30520 is divided by 783.
766
Calculate the remainder when 11015 is divided by 381.
347
Calculate the remainder when 10107 is divided by 84.
27
Calculate the remainder when 716961 is divided by 421.
419
Calculate the remainder when 18832 is divided by 73.
71
What is the remainder when 7634 is divided by 591?
542
What is the remainder when 2415526 is divided by 221?
217
What is the remainder when 11975 is divided by 11778?
197
What is the remainder when 249566 is divided by 49?
9
What is the remainder when 101197 is divided by 50592?
13
Calculate the remainder when 918 is divided by 130.
8
Calculate the remainder when 76503 is divided by 25.
3
What is the remainder when 78886 is divided by 652?
646
Calculate the remainder when 534 is divided by 487.
47
What is the remainder when 38942 is divided by 364?
358
Calculate the remainder when 107547 is divided by 57.
45
What is the remainder when 10820 is divided by 5362?
96
What is the remainder when 2285 is divided by 67?
7
Calculate the remainder when 2258 is divided by 991.
276
What is the remainder when 28092 is divided by 2542?
130
What is the remainder when 4981 is divided by 1657?
10
Calculate the remainder when 23321 is divided by 1296.
1289
What is the remainder when 14692 is divided by 47?
28
Calculate the remainder when 2852 is divided by 136.
132
What is the remainder when 4859 is divided by 485?
9
What is the remainder when 17678 is divided by 42?
38
What is the remainder when 762868 is divided by 50?
18
What is the remainder when 205194 is divided by 262?
48
What is the remainder when 224968 is divided by 74960?
88
What is the remainder when 21585 is divided by 14?
11
Calculate the remainder when 28137 is divided by 1288.
1089
What is the remainder when 4476 is divided by 27?
21
What is the remainder when 6223 is divided by 2726?
771
What is the remainder when 145687 is divided by 48560?
7
Calculate the remainder when 63530 is divided by 84.
26
Calculate the remainder when 850 is divided by 244.
118
Calculate the remainder when 458034 is divided by 25445.
24
Calculate the remainder when 823907 is divided by 569.
564
What is the remainder when 66814 is divided by 33378?
58
Calculate the remainder when 32614 is divided by 5.
4
What is the remainder when 3245 is divided by 319?
55
Calculate the remainder when 5218456 is divided by 52.
48
What is the remainder when 758432 is divided by 42?
38
What is the remainder when 93457 is divided by 508?
493
Calculate the remainder when 224276 is divided by 280.
276
Calculate the remainder when 3325 is divided by 83.
5
What is the remainder when 2022 is divided by 1974?
48
What is the remainder when 11531 is divided by 6?
5
What is the remainder when 651 is divided by 47?
40
What is the remainder when 999 is divided by 48?
39
Calculate the remainder when 117722 is divided by 7837.
167
Calculate the remainder when 211265 is divided by 291.
290
What is the remainder when 20828 is divided by 434?
430
Calculate the remainder when 521222 is divided by 830.
812
Calculate the remainder when 758 is divided by 220.
98
Calculate the remainder when 799455 is divided by 301.
300
What is the remainder when 4493 is divided by 4473?
20
Calculate the remainder when 185248 is divided by 641.
640
Calculate the remainder when 2807 is divided by 962.
883
Calculate the remainder when 8599 is divided by 1072.
23
What is the remainder when 28775 is divided by 20?
15
Calculate the remainder when 1030 is divided by 686.
344
What is the remainder when 46795 is divided by 659?
6
Calculate the remainder when 32961 is divided by 37.
31
What is the remainder when 51207 is divided by 229?
140
What is the remainder when 4122 is divided by 48?
42
What is the remainder when 5603 is divided by 164?
27
What is the remainder when 3882 is divided by 490?
452
Calculate the remainder when 27250 is divided by 154.
146
What is the remainder when 51234 is divided by 293?
252
Calculate the remainder when 138198 is divided by 9870.
18
What is the remainder when 2707 is divided by 1317?
73
Calculate the remainder when 8835 is divided by 1010.
755
Calculate the remainder when 11395 is divided by 456.
451
Calculate the remainder when 11730 is divided by 834.
54
What is the remainder when 17386 is divided by 744?
274
Calculate the remainder when 516058 is divided by 9.
7
Calculate the remainder when 2860 is divided by 970.
920
Calculate the remainder when 29808 is divided by 11.
9
What is the remainder when 29437 is divided by 126?
79
What is the remainder when 22462 is divided by 5592?
94
Calculate the remainder when 32990 is divided by 13.
9
What is the remainder when 2407 is divided by 21?
13
What is the remainder when 7433919 is divided by 160?
159
What is the remainder when 121353 is divided by 60674?
5
Calculate the remainder when 1621099 is divided by 14.
11
What is the remainder when 42405 is divided by 36?
33
Calculate the remainder when 13038 is divided by 102.
84
Calculate the remainder when 2974 is divided by 149.
143
Calculate the remainder when 2400 is divided by 793.
21
Calculate the remainder when 15641 is divided by 4.
1
Calculate the remainder when 19127 is divided by 147.
17
Calculate the remainder when 16276 is divided by 64.
20
Calculate the remainder when 9407 is divided by 49.
48
What is the remainder when 55971 is divided by 5088?
3
What is the remainder when 3063 is divided by 153?
3
What is the remainder when 31493 is divided by 431?
30
Calculate the remainder when 2985 is divided by 577.
100
What is the remainder when 624824 is divided by 30?
14
Calculate the remainder when 89719 is divided by 531.
511
Calculate the remainder when 1761 is divided by 299.
266
What is the remainder when 1334 is divided by 352?
278
What is the remainder when 12020 is divided by 194?
186
Calculate the remainder when 33616 is divided by 8403.
4
Calculate the remainder when 20355 is divided by 18.
15
Calculate the remainder when 20673 is divided by 215.
33
Calculate the remainder when 17361 is divided by 643.
0
What is the remainder when 1524878 is divided by 1556?
1554
Calculate the remainder when 1142387 is divided by 71.
68
What is the remainder when 796540 is divided by 863?
854
Calculate the remainder when 1285 is divided by 296.
101
Calculate the remainder when 1003423 is divided by 75.
73
Calculate the remainder when 103828 is divided by 486.
310
What is the remainder when 316798 is divided by 36?
34
Calculate the remainder when 51866 is divided by 6482.
10
Calculate the remainder when 102710 is divided by 34230.
20
Calculate the remainder when 129685 is divided by 116.
113
Calculate the remainder when 8138 is divided by 18.
2
What is the remainder when 147613 is divided by 484?
477
What is the remainder when 391872 is divided by 1875?
1872
What is the remainder when 2825 is divided by 1141?
543
What is the remainder when 58495 is divided by 1061?
140
What is the remainder when 1204 is divided by 122?
106
What is the remainder when 31811 is divided by 723?
722
What is the remainder when 387804 is divided by 23?
1
What is the remainder when 4177 is divided by 2054?
69
What is the remainder when 1305 is divided by 480?
345
Calculate the remainder when 68757 is divided by 22910.
27
Calculate the remainder when 68248 is divided by 183.
172
What is the remainder when 6361 is divided by 318?
1
Calculate the remainder when 15119 is divided by 19.
14
Calculate the remainder when 6761 is divided by 2216.
113
Calculate the remainder when 196991 is divided by 52.
15
Calculate the remainder when 317666 is divided by 673.
10
What is the remainder when 139843 is divided by 304?
3
Calculate the remainder when 19663 is divided by 562.
555
Calculate the remainder when 17200 is divided by 2866.
4
Calculate the remainder when 149005 is divided by 77.
10
What is the remainder when 24791 is divided by 12?
11
Calculate the remainder when 32529 is divided by 458.
11
What is the remainder when 21832 is divided by 10905?
22
Calculate the remainder when 4289478 is divided by 73.
71
What is the remainder when 12140 is divided by 269?
35
Calculate the remainder when 3613 is divided by 111.
61
Calculate the remainder when 411877 is divided by 18.
1
What is the r